{"id":2,"date":"2018-01-27T13:57:45","date_gmt":"2018-01-27T12:57:45","guid":{"rendered":"http:\/\/gelstedfolkedans.dk\/?page_id=2"},"modified":"2026-03-16T20:56:25","modified_gmt":"2026-03-16T19:56:25","slug":"eksempel-side","status":"publish","type":"page","link":"https:\/\/gelstedfolkedans.dk\/","title":{"rendered":"Velkommen"},"content":{"rendered":"\n<p><\/p>\n\n\n\n<figure class=\"wp-block-image size-large\"><img loading=\"lazy\" decoding=\"async\" width=\"1024\" height=\"1024\" src=\"https:\/\/gelstedfolkedans.dk\/wp-content\/uploads\/2025\/09\/GF_Facebookopslag_Kom-som-du-er-1024x1024.jpg\" alt=\"\" class=\"wp-image-707\" srcset=\"https:\/\/gelstedfolkedans.dk\/wp-content\/uploads\/2025\/09\/GF_Facebookopslag_Kom-som-du-er-1024x1024.jpg 1024w, https:\/\/gelstedfolkedans.dk\/wp-content\/uploads\/2025\/09\/GF_Facebookopslag_Kom-som-du-er-300x300.jpg 300w, https:\/\/gelstedfolkedans.dk\/wp-content\/uploads\/2025\/09\/GF_Facebookopslag_Kom-som-du-er-150x150.jpg 150w, https:\/\/gelstedfolkedans.dk\/wp-content\/uploads\/2025\/09\/GF_Facebookopslag_Kom-som-du-er-768x768.jpg 768w, https:\/\/gelstedfolkedans.dk\/wp-content\/uploads\/2025\/09\/GF_Facebookopslag_Kom-som-du-er-1536x1536.jpg 1536w, https:\/\/gelstedfolkedans.dk\/wp-content\/uploads\/2025\/09\/GF_Facebookopslag_Kom-som-du-er-2048x2048.jpg 2048w, https:\/\/gelstedfolkedans.dk\/wp-content\/uploads\/2025\/09\/GF_Facebookopslag_Kom-som-du-er-1200x1200.jpg 1200w, https:\/\/gelstedfolkedans.dk\/wp-content\/uploads\/2025\/09\/GF_Facebookopslag_Kom-som-du-er-1980x1980.jpg 1980w\" sizes=\"auto, (max-width: 1024px) 100vw, 1024px\" \/><\/figure>\n\n\n\n<h2 class=\"wp-block-heading\"><\/h2>\n\n\n\n<p>Vi danser om onsdagen kl. 19.15 p\u00e5 Gelsted Skole.<br><\/p>\n\n\n\n<p>Det er:<\/p>\n\n\n\n<ul class=\"wp-block-list\">\n<li>socialt samv\u00e6r med sved p\u00e5 panden<\/li>\n\n\n\n<li>b\u00e5de hjerne- og ben gymnastik<\/li>\n\n\n\n<li>dygtige instrukt\u00f8r og spillem\u00e6nd<\/li>\n\n\n\n<li>altid h\u00f8jt hum\u00f8r og sjovt<\/li>\n\n\n\n<li>ingen dresscode<\/li>\n<\/ul>\n\n\n\n<p><\/p>\n\n\n\n<p>Kom med eller uden partner.<\/p>\n\n\n\n<figure class=\"wp-block-image size-large is-resized\"><img loading=\"lazy\" decoding=\"async\" width=\"1024\" height=\"768\" src=\"https:\/\/gelstedfolkedans.dk\/wp-content\/uploads\/2025\/08\/IMG_4241-1024x768.jpg\" alt=\"\" class=\"wp-image-681\" style=\"object-fit:cover;width:1500px;height:900px\" srcset=\"https:\/\/gelstedfolkedans.dk\/wp-content\/uploads\/2025\/08\/IMG_4241-1024x768.jpg 1024w, https:\/\/gelstedfolkedans.dk\/wp-content\/uploads\/2025\/08\/IMG_4241-300x225.jpg 300w, https:\/\/gelstedfolkedans.dk\/wp-content\/uploads\/2025\/08\/IMG_4241-768x576.jpg 768w, https:\/\/gelstedfolkedans.dk\/wp-content\/uploads\/2025\/08\/IMG_4241-1536x1152.jpg 1536w, https:\/\/gelstedfolkedans.dk\/wp-content\/uploads\/2025\/08\/IMG_4241-2048x1536.jpg 2048w, https:\/\/gelstedfolkedans.dk\/wp-content\/uploads\/2025\/08\/IMG_4241-1200x900.jpg 1200w, https:\/\/gelstedfolkedans.dk\/wp-content\/uploads\/2025\/08\/IMG_4241-1980x1485.jpg 1980w\" sizes=\"auto, (max-width: 1024px) 100vw, 1024px\" \/><\/figure>\n\n\n\n<figure class=\"wp-block-gallery aligncenter has-nested-images columns-default is-cropped wp-block-gallery-1 is-layout-flex wp-block-gallery-is-layout-flex\">\n<figure class=\"wp-block-image size-large\"><img loading=\"lazy\" decoding=\"async\" width=\"1024\" height=\"768\" data-id=\"680\" src=\"https:\/\/gelstedfolkedans.dk\/wp-content\/uploads\/2025\/08\/IMG_3443-1024x768.jpg\" alt=\"\" class=\"wp-image-680\" srcset=\"https:\/\/gelstedfolkedans.dk\/wp-content\/uploads\/2025\/08\/IMG_3443-1024x768.jpg 1024w, https:\/\/gelstedfolkedans.dk\/wp-content\/uploads\/2025\/08\/IMG_3443-300x225.jpg 300w, https:\/\/gelstedfolkedans.dk\/wp-content\/uploads\/2025\/08\/IMG_3443-768x576.jpg 768w, https:\/\/gelstedfolkedans.dk\/wp-content\/uploads\/2025\/08\/IMG_3443-1536x1152.jpg 1536w, https:\/\/gelstedfolkedans.dk\/wp-content\/uploads\/2025\/08\/IMG_3443-2048x1536.jpg 2048w, https:\/\/gelstedfolkedans.dk\/wp-content\/uploads\/2025\/08\/IMG_3443-1200x900.jpg 1200w, https:\/\/gelstedfolkedans.dk\/wp-content\/uploads\/2025\/08\/IMG_3443-1980x1485.jpg 1980w\" sizes=\"auto, (max-width: 1024px) 100vw, 1024px\" \/><\/figure>\n<\/figure>\n\n\n\n<figure class=\"wp-block-image size-large\"><img loading=\"lazy\" decoding=\"async\" width=\"1024\" height=\"563\" src=\"https:\/\/gelstedfolkedans.dk\/wp-content\/uploads\/2025\/08\/IMG_2443-1024x563.jpg\" alt=\"\" class=\"wp-image-679\" srcset=\"https:\/\/gelstedfolkedans.dk\/wp-content\/uploads\/2025\/08\/IMG_2443-1024x563.jpg 1024w, https:\/\/gelstedfolkedans.dk\/wp-content\/uploads\/2025\/08\/IMG_2443-300x165.jpg 300w, https:\/\/gelstedfolkedans.dk\/wp-content\/uploads\/2025\/08\/IMG_2443-768x422.jpg 768w, https:\/\/gelstedfolkedans.dk\/wp-content\/uploads\/2025\/08\/IMG_2443-1536x844.jpg 1536w, https:\/\/gelstedfolkedans.dk\/wp-content\/uploads\/2025\/08\/IMG_2443-2048x1126.jpg 2048w, https:\/\/gelstedfolkedans.dk\/wp-content\/uploads\/2025\/08\/IMG_2443-1200x660.jpg 1200w, https:\/\/gelstedfolkedans.dk\/wp-content\/uploads\/2025\/08\/IMG_2443-1980x1088.jpg 1980w\" sizes=\"auto, (max-width: 1024px) 100vw, 1024px\" \/><\/figure>\n\n\n<p>Noget at samles om uden forudg\u00e5ende kvalifikationer, hvor livsgl\u00e6de og socialt samv\u00e6r er i h\u00f8js\u00e6det, og samtidig er det den <strong>&#8220;sundeste og sjoveste form for motion&#8221;<\/strong> som Carsten Vang Hansen s\u00e5 rigtigt siger i radioprogrammet &#8220;sp\u00f8rg om sundhed&#8221;<\/p>\n\n\n<figure class=\"wp-block-image size-large\"><img loading=\"lazy\" decoding=\"async\" width=\"1024\" height=\"453\" src=\"https:\/\/gelstedfolkedans.dk\/wp-content\/uploads\/2025\/08\/GF_LOGO_PRIMA_FARVE-1024x453.jpg\" alt=\"\" class=\"wp-image-694\" srcset=\"https:\/\/gelstedfolkedans.dk\/wp-content\/uploads\/2025\/08\/GF_LOGO_PRIMA_FARVE-1024x453.jpg 1024w, https:\/\/gelstedfolkedans.dk\/wp-content\/uploads\/2025\/08\/GF_LOGO_PRIMA_FARVE-300x133.jpg 300w, https:\/\/gelstedfolkedans.dk\/wp-content\/uploads\/2025\/08\/GF_LOGO_PRIMA_FARVE-768x339.jpg 768w, https:\/\/gelstedfolkedans.dk\/wp-content\/uploads\/2025\/08\/GF_LOGO_PRIMA_FARVE-1200x530.jpg 1200w, https:\/\/gelstedfolkedans.dk\/wp-content\/uploads\/2025\/08\/GF_LOGO_PRIMA_FARVE.jpg 1446w\" sizes=\"auto, (max-width: 1024px) 100vw, 1024px\" \/><\/figure>\n","protected":false},"excerpt":{"rendered":"<p>Vi danser om onsdagen kl. 19.15 p\u00e5 Gelsted Skole. Det er: Kom med eller uden partner. Noget at samles om uden forudg\u00e5ende kvalifikationer, hvor livsgl\u00e6de og socialt samv\u00e6r er i h\u00f8js\u00e6det, og samtidig er det den &#8220;sundeste og sjoveste form for motion&#8221; som Carsten Vang Hansen s\u00e5 rigtigt siger i radioprogrammet &#8220;sp\u00f8rg om sundhed&#8221;<\/p>\n","protected":false},"author":1,"featured_media":0,"parent":0,"menu_order":0,"comment_status":"closed","ping_status":"closed","template":"","meta":{"footnotes":""},"class_list":["post-2","page","type-page","status-publish","hentry"],"_links":{"self":[{"href":"https:\/\/gelstedfolkedans.dk\/index.php?rest_route=\/wp\/v2\/pages\/2","targetHints":{"allow":["GET"]}}],"collection":[{"href":"https:\/\/gelstedfolkedans.dk\/index.php?rest_route=\/wp\/v2\/pages"}],"about":[{"href":"https:\/\/gelstedfolkedans.dk\/index.php?rest_route=\/wp\/v2\/types\/page"}],"author":[{"embeddable":true,"href":"https:\/\/gelstedfolkedans.dk\/index.php?rest_route=\/wp\/v2\/users\/1"}],"replies":[{"embeddable":true,"href":"https:\/\/gelstedfolkedans.dk\/index.php?rest_route=%2Fwp%2Fv2%2Fcomments&post=2"}],"version-history":[{"count":47,"href":"https:\/\/gelstedfolkedans.dk\/index.php?rest_route=\/wp\/v2\/pages\/2\/revisions"}],"predecessor-version":[{"id":779,"href":"https:\/\/gelstedfolkedans.dk\/index.php?rest_route=\/wp\/v2\/pages\/2\/revisions\/779"}],"wp:attachment":[{"href":"https:\/\/gelstedfolkedans.dk\/index.php?rest_route=%2Fwp%2Fv2%2Fmedia&parent=2"}],"curies":[{"name":"wp","href":"https:\/\/api.w.org\/{rel}","templated":true}]}}