{"id":104,"date":"2018-03-27T21:41:29","date_gmt":"2018-03-27T19:41:29","guid":{"rendered":"http:\/\/gelstedfolkedans.dk\/?page_id=104"},"modified":"2025-08-28T13:43:06","modified_gmt":"2025-08-28T11:43:06","slug":"arrangementer","status":"publish","type":"page","link":"https:\/\/gelstedfolkedans.dk\/?page_id=104","title":{"rendered":"Arrangementer"},"content":{"rendered":"<div class=\"wp-block-image\">\n<figure class=\"aligncenter size-large is-resized\"><img loading=\"lazy\" decoding=\"async\" width=\"1024\" height=\"1024\" src=\"https:\/\/gelstedfolkedans.dk\/wp-content\/uploads\/2025\/08\/GF_Facebookopslag_God-energi-1024x1024.jpg\" alt=\"\" class=\"wp-image-699\" style=\"width:286px;height:auto\" srcset=\"https:\/\/gelstedfolkedans.dk\/wp-content\/uploads\/2025\/08\/GF_Facebookopslag_God-energi-1024x1024.jpg 1024w, https:\/\/gelstedfolkedans.dk\/wp-content\/uploads\/2025\/08\/GF_Facebookopslag_God-energi-300x300.jpg 300w, https:\/\/gelstedfolkedans.dk\/wp-content\/uploads\/2025\/08\/GF_Facebookopslag_God-energi-150x150.jpg 150w, https:\/\/gelstedfolkedans.dk\/wp-content\/uploads\/2025\/08\/GF_Facebookopslag_God-energi-768x768.jpg 768w, https:\/\/gelstedfolkedans.dk\/wp-content\/uploads\/2025\/08\/GF_Facebookopslag_God-energi-1536x1536.jpg 1536w, https:\/\/gelstedfolkedans.dk\/wp-content\/uploads\/2025\/08\/GF_Facebookopslag_God-energi-2048x2048.jpg 2048w, https:\/\/gelstedfolkedans.dk\/wp-content\/uploads\/2025\/08\/GF_Facebookopslag_God-energi-1200x1200.jpg 1200w, https:\/\/gelstedfolkedans.dk\/wp-content\/uploads\/2025\/08\/GF_Facebookopslag_God-energi-1980x1980.jpg 1980w\" sizes=\"auto, (max-width: 1024px) 100vw, 1024px\" \/><\/figure>\n<\/div>\n\n\n<h2 class=\"wp-block-heading\"><strong><em>Sommertr\u00e6f<\/em><\/strong><\/h2>\n\n\n\n<h4 class=\"wp-block-heading\"><strong>Onsdag den 21. maj 2025 kl. 18.00<\/strong><br><\/h4>\n\n\n\n<figure class=\"wp-block-table\"><table><tbody><tr><td>Hos   <\/td><td>Helen &amp; Kurt Andersen<\/td><\/tr><tr><td>\n  &nbsp;\n  <\/td><td>Vesterg\u00e5rdsvej 100, Strib<\/td><\/tr><tr><td>\n  &nbsp;\n  <\/td><td>5500 Middelfart<\/td><\/tr><tr><td>\n  &nbsp;\n  <\/td><td>Medbring: Madkurv, bord, stole og travesko   <\/td><\/tr><\/tbody><\/table><\/figure>\n\n\n\n<h4 class=\"wp-block-heading\"><strong>Onsdag den 18. juni 2025 kl. 18.00<\/strong><\/h4>\n\n\n\n<figure class=\"wp-block-table\"><table><tbody><tr><td>Hos<\/td><td>Tvillingeg\u00e5rden (Birgit F. J\u00f8rgensen)<\/td><\/tr><tr><td>\n  &nbsp;\n  <\/td><td>Birkevangsvej 3<\/td><\/tr><tr><td>\n  &nbsp;\n  <\/td><td>5466 Asperup, B\u00e5ring Vig<\/td><\/tr><tr><td>\n  &nbsp;\n  <\/td><td>Medbring: Madkurv, bord, stole og travesko<\/td><\/tr><\/tbody><\/table><\/figure>\n\n\n\n<p><\/p>\n\n\n\n<h2 class=\"wp-block-heading\">Sommerudflugt &#8211; heldags<\/h2>\n\n\n\n<p>\u00c5rets sommerudflugt foreg\u00e5r<\/p>\n\n\n\n<p>&nbsp;&nbsp;&nbsp;&nbsp;&nbsp;&nbsp;&nbsp;&nbsp;&nbsp;&nbsp;&nbsp; <strong><u>L\u00f8rdag den 6. september 2025<\/u><\/strong><\/p>\n\n\n\n<p>Foreg\u00e5r efter samme koncept som sidste \u00e5r, hvor der er bestilt en bus, som fragter os frem og tilbage.<\/p>\n\n\n\n<p>Og der vil ogs\u00e5 v\u00e6re mulighed for at invitere g\u00e6ster med. <br><a href=\"https:\/\/gelstedfolkedans.dk\/wp-content\/uploads\/2025\/04\/Udflugt-2025-med-Gelsted-Folkedansere.pdf\">Detaljeret program.<\/a><\/p>\n\n\n\n<figure class=\"wp-block-image size-full\"><img loading=\"lazy\" decoding=\"async\" width=\"839\" height=\"629\" src=\"https:\/\/gelstedfolkedans.dk\/wp-content\/uploads\/2024\/03\/Billede3.jpg\" alt=\"\" class=\"wp-image-619\" srcset=\"https:\/\/gelstedfolkedans.dk\/wp-content\/uploads\/2024\/03\/Billede3.jpg 839w, https:\/\/gelstedfolkedans.dk\/wp-content\/uploads\/2024\/03\/Billede3-300x225.jpg 300w, https:\/\/gelstedfolkedans.dk\/wp-content\/uploads\/2024\/03\/Billede3-768x576.jpg 768w\" sizes=\"auto, (max-width: 839px) 100vw, 839px\" \/><\/figure>\n","protected":false},"excerpt":{"rendered":"<p>Sommertr\u00e6f Onsdag den 21. maj 2025 kl. 18.00 Hos Helen &amp; Kurt Andersen &nbsp; Vesterg\u00e5rdsvej 100, Strib &nbsp; 5500 Middelfart &nbsp; Medbring: Madkurv, bord, stole og travesko Onsdag den 18. juni 2025 kl. 18.00 Hos Tvillingeg\u00e5rden (Birgit F. J\u00f8rgensen) &nbsp; Birkevangsvej 3 &nbsp; 5466 Asperup, B\u00e5ring Vig &nbsp; Medbring: Madkurv, bord, stole og travesko Sommerudflugt [&hellip;]<\/p>\n","protected":false},"author":1,"featured_media":0,"parent":0,"menu_order":0,"comment_status":"closed","ping_status":"closed","template":"","meta":{"footnotes":""},"class_list":["post-104","page","type-page","status-publish","hentry"],"_links":{"self":[{"href":"https:\/\/gelstedfolkedans.dk\/index.php?rest_route=\/wp\/v2\/pages\/104","targetHints":{"allow":["GET"]}}],"collection":[{"href":"https:\/\/gelstedfolkedans.dk\/index.php?rest_route=\/wp\/v2\/pages"}],"about":[{"href":"https:\/\/gelstedfolkedans.dk\/index.php?rest_route=\/wp\/v2\/types\/page"}],"author":[{"embeddable":true,"href":"https:\/\/gelstedfolkedans.dk\/index.php?rest_route=\/wp\/v2\/users\/1"}],"replies":[{"embeddable":true,"href":"https:\/\/gelstedfolkedans.dk\/index.php?rest_route=%2Fwp%2Fv2%2Fcomments&post=104"}],"version-history":[{"count":31,"href":"https:\/\/gelstedfolkedans.dk\/index.php?rest_route=\/wp\/v2\/pages\/104\/revisions"}],"predecessor-version":[{"id":704,"href":"https:\/\/gelstedfolkedans.dk\/index.php?rest_route=\/wp\/v2\/pages\/104\/revisions\/704"}],"wp:attachment":[{"href":"https:\/\/gelstedfolkedans.dk\/index.php?rest_route=%2Fwp%2Fv2%2Fmedia&parent=104"}],"curies":[{"name":"wp","href":"https:\/\/api.w.org\/{rel}","templated":true}]}}